{"id":244,"date":"2023-11-03T20:05:00","date_gmt":"2023-11-03T19:05:00","guid":{"rendered":"https:\/\/www.ferro-vert.fr\/?page_id=244"},"modified":"2023-11-07T11:09:43","modified_gmt":"2023-11-07T10:09:43","slug":"notre-raison-detre","status":"publish","type":"page","link":"https:\/\/www.ferro-vert.fr\/index.php\/notre-raison-detre\/","title":{"rendered":"Notre raison d&#8217;\u00eatre"},"content":{"rendered":"\t\t<div data-elementor-type=\"wp-page\" data-elementor-id=\"244\" class=\"elementor elementor-244\" data-elementor-post-type=\"page\">\n\t\t\t\t<div class=\"elementor-element elementor-element-162b8e05 e-flex e-con-boxed e-con e-parent\" data-id=\"162b8e05\" data-element_type=\"container\" data-e-type=\"container\" data-settings=\"{&quot;background_background&quot;:&quot;gradient&quot;,&quot;shape_divider_top&quot;:&quot;mountains&quot;}\">\n\t\t\t\t\t<div class=\"e-con-inner\">\n\t\t\t\t<div class=\"elementor-shape elementor-shape-top\" aria-hidden=\"true\" data-negative=\"false\">\n\t\t\t<svg xmlns=\"http:\/\/www.w3.org\/2000\/svg\" viewBox=\"0 0 1000 100\" preserveAspectRatio=\"none\">\n\t<path class=\"elementor-shape-fill\" opacity=\"0.33\" d=\"M473,67.3c-203.9,88.3-263.1-34-320.3,0C66,119.1,0,59.7,0,59.7V0h1000v59.7 c0,0-62.1,26.1-94.9,29.3c-32.8,3.3-62.8-12.3-75.8-22.1C806,49.6,745.3,8.7,694.9,4.7S492.4,59,473,67.3z\"\/>\n\t<path class=\"elementor-shape-fill\" opacity=\"0.66\" d=\"M734,67.3c-45.5,0-77.2-23.2-129.1-39.1c-28.6-8.7-150.3-10.1-254,39.1 s-91.7-34.4-149.2,0C115.7,118.3,0,39.8,0,39.8V0h1000v36.5c0,0-28.2-18.5-92.1-18.5C810.2,18.1,775.7,67.3,734,67.3z\"\/>\n\t<path class=\"elementor-shape-fill\" d=\"M766.1,28.9c-200-57.5-266,65.5-395.1,19.5C242,1.8,242,5.4,184.8,20.6C128,35.8,132.3,44.9,89.9,52.5C28.6,63.7,0,0,0,0 h1000c0,0-9.9,40.9-83.6,48.1S829.6,47,766.1,28.9z\"\/>\n<\/svg>\t\t<\/div>\n\t\t\t\t<div class=\"elementor-element elementor-element-18b15f41 elementor-widget elementor-widget-heading\" data-id=\"18b15f41\" data-element_type=\"widget\" data-e-type=\"widget\" data-widget_type=\"heading.default\">\n\t\t\t\t<div class=\"elementor-widget-container\">\n\t\t\t\t\t<h1 class=\"elementor-heading-title elementor-size-default\">Notre raison d'\u00eatre<\/h1>\t\t\t\t<\/div>\n\t\t\t\t<\/div>\n\t\t\t\t<div class=\"elementor-element elementor-element-4ea742be elementor-widget__width-initial elementor-widget-mobile__width-inherit elementor-widget elementor-widget-text-editor\" data-id=\"4ea742be\" data-element_type=\"widget\" data-e-type=\"widget\" data-widget_type=\"text-editor.default\">\n\t\t\t\t<div class=\"elementor-widget-container\">\n\t\t\t\t\t\t\t\t\t<p>\u201cIl ne sert de rien \u00e0 l\u2019homme de gagner la Lune s\u2019il vient \u00e0 perdre la Terre.\u201d\u00a0\u00a0<\/p>\t\t\t\t\t\t\t\t<\/div>\n\t\t\t\t<\/div>\n\t\t\t\t<div class=\"elementor-element elementor-element-a2afa1d elementor-widget__width-initial elementor-widget-mobile__width-inherit elementor-widget elementor-widget-text-editor\" data-id=\"a2afa1d\" data-element_type=\"widget\" data-e-type=\"widget\" data-widget_type=\"text-editor.default\">\n\t\t\t\t<div class=\"elementor-widget-container\">\n\t\t\t\t\t\t\t\t\t<p>Fran\u00e7ois MAURIAC<\/p>\t\t\t\t\t\t\t\t<\/div>\n\t\t\t\t<\/div>\n\t\t\t\t\t<\/div>\n\t\t\t\t<\/div>\n\t\t<div class=\"elementor-element elementor-element-cbf01ba e-flex e-con-boxed e-con e-parent\" data-id=\"cbf01ba\" data-element_type=\"container\" data-e-type=\"container\" data-settings=\"{&quot;background_background&quot;:&quot;gradient&quot;}\">\n\t\t\t\t\t<div class=\"e-con-inner\">\n\t\t<div class=\"elementor-element elementor-element-2864490 e-flex e-con-boxed e-con e-child\" data-id=\"2864490\" data-element_type=\"container\" data-e-type=\"container\">\n\t\t\t\t\t<div class=\"e-con-inner\">\n\t\t<div class=\"elementor-element elementor-element-51fc757 e-con-full e-flex e-con e-child\" data-id=\"51fc757\" data-element_type=\"container\" data-e-type=\"container\">\n\t\t\t\t<div class=\"elementor-element elementor-element-945158d elementor-widget elementor-widget-heading\" data-id=\"945158d\" data-element_type=\"widget\" data-e-type=\"widget\" data-widget_type=\"heading.default\">\n\t\t\t\t<div class=\"elementor-widget-container\">\n\t\t\t\t\t<h2 class=\"elementor-heading-title elementor-size-default\">D\u00e9carbonation<\/h2>\t\t\t\t<\/div>\n\t\t\t\t<\/div>\n\t\t\t\t<div class=\"elementor-element elementor-element-2a36d48 elementor-widget elementor-widget-text-editor\" data-id=\"2a36d48\" data-element_type=\"widget\" data-e-type=\"widget\" data-widget_type=\"text-editor.default\">\n\t\t\t\t<div class=\"elementor-widget-container\">\n\t\t\t\t\t\t\t\t\t<p>Cette plateforme est le fruit de la coop\u00e9ration d\u2019entreprises engag\u00e9es dans la lutte contre le changement climatique\u00a0: elles partagent ici leur retour d\u2019exp\u00e9rience sur des actions de d\u00e9carbonation.<\/p>\t\t\t\t\t\t\t\t<\/div>\n\t\t\t\t<\/div>\n\t\t\t\t<\/div>\n\t\t<div class=\"elementor-element elementor-element-13445f3 e-flex e-con-boxed e-con e-child\" data-id=\"13445f3\" data-element_type=\"container\" data-e-type=\"container\">\n\t\t\t\t\t<div class=\"e-con-inner\">\n\t\t\t\t<div class=\"elementor-element elementor-element-fa03709 elementor-widget elementor-widget-image\" data-id=\"fa03709\" data-element_type=\"widget\" data-e-type=\"widget\" data-widget_type=\"image.default\">\n\t\t\t\t<div class=\"elementor-widget-container\">\n\t\t\t\t\t\t\t\t\t\t\t\t\t\t\t<img fetchpriority=\"high\" decoding=\"async\" width=\"800\" height=\"800\" src=\"https:\/\/www.ferro-vert.fr\/wp-content\/uploads\/2023\/10\/JJmog_trains_francais_dans_un_joli_environnement_dans_plusieurs_d958d8db-9240-45a8-887d-0eca982a7d7e-1024x1024-1.jpg\" class=\"attachment-large size-large wp-image-127\" alt=\"\" srcset=\"https:\/\/www.ferro-vert.fr\/wp-content\/uploads\/2023\/10\/JJmog_trains_francais_dans_un_joli_environnement_dans_plusieurs_d958d8db-9240-45a8-887d-0eca982a7d7e-1024x1024-1.jpg 1024w, https:\/\/www.ferro-vert.fr\/wp-content\/uploads\/2023\/10\/JJmog_trains_francais_dans_un_joli_environnement_dans_plusieurs_d958d8db-9240-45a8-887d-0eca982a7d7e-1024x1024-1-300x300.jpg 300w, https:\/\/www.ferro-vert.fr\/wp-content\/uploads\/2023\/10\/JJmog_trains_francais_dans_un_joli_environnement_dans_plusieurs_d958d8db-9240-45a8-887d-0eca982a7d7e-1024x1024-1-150x150.jpg 150w, https:\/\/www.ferro-vert.fr\/wp-content\/uploads\/2023\/10\/JJmog_trains_francais_dans_un_joli_environnement_dans_plusieurs_d958d8db-9240-45a8-887d-0eca982a7d7e-1024x1024-1-768x768.jpg 768w\" sizes=\"(max-width: 800px) 100vw, 800px\" \/>\t\t\t\t\t\t\t\t\t\t\t\t\t\t\t<\/div>\n\t\t\t\t<\/div>\n\t\t\t\t\t<\/div>\n\t\t\t\t<\/div>\n\t\t\t\t\t<\/div>\n\t\t\t\t<\/div>\n\t\t\t\t\t<\/div>\n\t\t\t\t<\/div>\n\t\t<div class=\"elementor-element elementor-element-e962c90 e-flex e-con-boxed e-con e-parent\" data-id=\"e962c90\" data-element_type=\"container\" data-e-type=\"container\" data-settings=\"{&quot;background_background&quot;:&quot;gradient&quot;}\">\n\t\t\t\t\t<div class=\"e-con-inner\">\n\t\t<div class=\"elementor-element elementor-element-bc165c9 e-flex e-con-boxed e-con e-child\" data-id=\"bc165c9\" data-element_type=\"container\" data-e-type=\"container\">\n\t\t\t\t\t<div class=\"e-con-inner\">\n\t\t<div class=\"elementor-element elementor-element-cb8b273 e-con-full e-flex e-con e-child\" data-id=\"cb8b273\" data-element_type=\"container\" data-e-type=\"container\">\n\t\t<div class=\"elementor-element elementor-element-784b50c e-con-full e-flex e-con e-child\" data-id=\"784b50c\" data-element_type=\"container\" data-e-type=\"container\">\n\t\t\t\t<div class=\"elementor-element elementor-element-ddbfa42 elementor-widget elementor-widget-image\" data-id=\"ddbfa42\" data-element_type=\"widget\" data-e-type=\"widget\" data-widget_type=\"image.default\">\n\t\t\t\t<div class=\"elementor-widget-container\">\n\t\t\t\t\t\t\t\t\t\t\t\t\t\t\t<img decoding=\"async\" width=\"800\" height=\"800\" src=\"https:\/\/www.ferro-vert.fr\/wp-content\/uploads\/2023\/10\/JJmog_trains_francais_dans_un_joli_environnement_dans_plusieurs_5d7223fc-431c-496e-9eb8-6bf4edb3f821-1024x1024-1.jpg\" class=\"attachment-large size-large wp-image-126\" alt=\"\" srcset=\"https:\/\/www.ferro-vert.fr\/wp-content\/uploads\/2023\/10\/JJmog_trains_francais_dans_un_joli_environnement_dans_plusieurs_5d7223fc-431c-496e-9eb8-6bf4edb3f821-1024x1024-1.jpg 1024w, https:\/\/www.ferro-vert.fr\/wp-content\/uploads\/2023\/10\/JJmog_trains_francais_dans_un_joli_environnement_dans_plusieurs_5d7223fc-431c-496e-9eb8-6bf4edb3f821-1024x1024-1-300x300.jpg 300w, https:\/\/www.ferro-vert.fr\/wp-content\/uploads\/2023\/10\/JJmog_trains_francais_dans_un_joli_environnement_dans_plusieurs_5d7223fc-431c-496e-9eb8-6bf4edb3f821-1024x1024-1-150x150.jpg 150w, https:\/\/www.ferro-vert.fr\/wp-content\/uploads\/2023\/10\/JJmog_trains_francais_dans_un_joli_environnement_dans_plusieurs_5d7223fc-431c-496e-9eb8-6bf4edb3f821-1024x1024-1-768x768.jpg 768w\" sizes=\"(max-width: 800px) 100vw, 800px\" \/>\t\t\t\t\t\t\t\t\t\t\t\t\t\t\t<\/div>\n\t\t\t\t<\/div>\n\t\t\t\t<\/div>\n\t\t\t\t<\/div>\n\t\t<div class=\"elementor-element elementor-element-b7344e7 e-flex e-con-boxed e-con e-child\" data-id=\"b7344e7\" data-element_type=\"container\" data-e-type=\"container\">\n\t\t\t\t\t<div class=\"e-con-inner\">\n\t\t\t\t<div class=\"elementor-element elementor-element-4ac54d8 elementor-widget elementor-widget-heading\" data-id=\"4ac54d8\" data-element_type=\"widget\" data-e-type=\"widget\" data-widget_type=\"heading.default\">\n\t\t\t\t<div class=\"elementor-widget-container\">\n\t\t\t\t\t<h2 class=\"elementor-heading-title elementor-size-default\">Inspiration<\/h2>\t\t\t\t<\/div>\n\t\t\t\t<\/div>\n\t\t\t\t<div class=\"elementor-element elementor-element-3f21624 elementor-widget elementor-widget-text-editor\" data-id=\"3f21624\" data-element_type=\"widget\" data-e-type=\"widget\" data-widget_type=\"text-editor.default\">\n\t\t\t\t<div class=\"elementor-widget-container\">\n\t\t\t\t\t\t\t\t\t<p>Ces bonnes pratiques se veulent sources d\u2019inspiration pour d\u2019autres organisations qui cherchent \u00e0 initier une strat\u00e9gie de r\u00e9duction et de mesure de leurs \u00e9missions de gaz \u00e0 effet de serre, ou \u00e0 la pousser plus loin.<\/p>\t\t\t\t\t\t\t\t<\/div>\n\t\t\t\t<\/div>\n\t\t\t\t\t<\/div>\n\t\t\t\t<\/div>\n\t\t\t\t\t<\/div>\n\t\t\t\t<\/div>\n\t\t\t\t\t<\/div>\n\t\t\t\t<\/div>\n\t\t<div class=\"elementor-element elementor-element-dd21979 e-flex e-con-boxed e-con e-parent\" data-id=\"dd21979\" data-element_type=\"container\" data-e-type=\"container\" data-settings=\"{&quot;background_background&quot;:&quot;gradient&quot;}\">\n\t\t\t\t\t<div class=\"e-con-inner\">\n\t\t<div class=\"elementor-element elementor-element-fcab0b2 e-flex e-con-boxed e-con e-child\" data-id=\"fcab0b2\" data-element_type=\"container\" data-e-type=\"container\">\n\t\t\t\t\t<div class=\"e-con-inner\">\n\t\t<div class=\"elementor-element elementor-element-66913a8 e-con-full e-flex e-con e-child\" data-id=\"66913a8\" data-element_type=\"container\" data-e-type=\"container\">\n\t\t\t\t<div class=\"elementor-element elementor-element-3a028f4 elementor-widget elementor-widget-heading\" data-id=\"3a028f4\" data-element_type=\"widget\" data-e-type=\"widget\" data-widget_type=\"heading.default\">\n\t\t\t\t<div class=\"elementor-widget-container\">\n\t\t\t\t\t<h2 class=\"elementor-heading-title elementor-size-default\">Collectif<\/h2>\t\t\t\t<\/div>\n\t\t\t\t<\/div>\n\t\t<div class=\"elementor-element elementor-element-d9326d0 e-con-full e-flex e-con e-child\" data-id=\"d9326d0\" data-element_type=\"container\" data-e-type=\"container\">\n\t\t\t\t<div class=\"elementor-element elementor-element-d491a26 elementor-widget elementor-widget-text-editor\" data-id=\"d491a26\" data-element_type=\"widget\" data-e-type=\"widget\" data-widget_type=\"text-editor.default\">\n\t\t\t\t<div class=\"elementor-widget-container\">\n\t\t\t\t\t\t\t\t\t<p>Les fiches r\u00e9dig\u00e9es par les entreprises permettent d\u2019avoir un aper\u00e7u g\u00e9n\u00e9ral de solutions permettant de travailler sur diff\u00e9rents axes.<\/p><p>Elles sont rendues publiques et gratuites dans l\u2019int\u00e9r\u00eat g\u00e9n\u00e9ral : cette initiative doit contribuer \u00e0 acc\u00e9l\u00e9rer l\u2019engagement concret des acteurs de la fili\u00e8re ferroviaire et de leurs parties prenantes.<\/p>\t\t\t\t\t\t\t\t<\/div>\n\t\t\t\t<\/div>\n\t\t\t\t<\/div>\n\t\t\t\t<\/div>\n\t\t<div class=\"elementor-element elementor-element-770d1af e-flex e-con-boxed e-con e-child\" data-id=\"770d1af\" data-element_type=\"container\" data-e-type=\"container\">\n\t\t\t\t\t<div class=\"e-con-inner\">\n\t\t\t\t<div class=\"elementor-element elementor-element-e2ed3a8 elementor-widget elementor-widget-image\" data-id=\"e2ed3a8\" data-element_type=\"widget\" data-e-type=\"widget\" data-widget_type=\"image.default\">\n\t\t\t\t<div class=\"elementor-widget-container\">\n\t\t\t\t\t\t\t\t\t\t\t\t\t\t\t<img decoding=\"async\" width=\"800\" height=\"448\" src=\"https:\/\/www.ferro-vert.fr\/wp-content\/uploads\/2023\/10\/JJmog_Imaginez-vous_voyager_a_travers_des_paysages_magnifiques__131f8fc2-fce3-4126-9f88-da9206d85a22-1024x574.jpg\" class=\"attachment-large size-large wp-image-125\" alt=\"\" srcset=\"https:\/\/www.ferro-vert.fr\/wp-content\/uploads\/2023\/10\/JJmog_Imaginez-vous_voyager_a_travers_des_paysages_magnifiques__131f8fc2-fce3-4126-9f88-da9206d85a22-1024x574.jpg 1024w, https:\/\/www.ferro-vert.fr\/wp-content\/uploads\/2023\/10\/JJmog_Imaginez-vous_voyager_a_travers_des_paysages_magnifiques__131f8fc2-fce3-4126-9f88-da9206d85a22-300x168.jpg 300w, https:\/\/www.ferro-vert.fr\/wp-content\/uploads\/2023\/10\/JJmog_Imaginez-vous_voyager_a_travers_des_paysages_magnifiques__131f8fc2-fce3-4126-9f88-da9206d85a22-768x430.jpg 768w, https:\/\/www.ferro-vert.fr\/wp-content\/uploads\/2023\/10\/JJmog_Imaginez-vous_voyager_a_travers_des_paysages_magnifiques__131f8fc2-fce3-4126-9f88-da9206d85a22.jpg 1456w\" sizes=\"(max-width: 800px) 100vw, 800px\" \/>\t\t\t\t\t\t\t\t\t\t\t\t\t\t\t<\/div>\n\t\t\t\t<\/div>\n\t\t\t\t\t<\/div>\n\t\t\t\t<\/div>\n\t\t\t\t\t<\/div>\n\t\t\t\t<\/div>\n\t\t\t\t\t<\/div>\n\t\t\t\t<\/div>\n\t\t<div class=\"elementor-element elementor-element-736926a e-flex e-con-boxed e-con e-parent\" data-id=\"736926a\" data-element_type=\"container\" data-e-type=\"container\" data-settings=\"{&quot;background_background&quot;:&quot;gradient&quot;}\">\n\t\t\t\t\t<div class=\"e-con-inner\">\n\t\t<div class=\"elementor-element elementor-element-6aac227 e-flex e-con-boxed e-con e-child\" data-id=\"6aac227\" data-element_type=\"container\" data-e-type=\"container\">\n\t\t\t\t\t<div class=\"e-con-inner\">\n\t\t<div class=\"elementor-element elementor-element-65d8a82 e-flex e-con-boxed e-con e-child\" data-id=\"65d8a82\" data-element_type=\"container\" data-e-type=\"container\">\n\t\t\t\t\t<div class=\"e-con-inner\">\n\t\t\t\t\t<\/div>\n\t\t\t\t<\/div>\n\t\t\t\t\t<\/div>\n\t\t\t\t<\/div>\n\t\t\t\t\t<\/div>\n\t\t\t\t<\/div>\n\t\t\t\t<\/div>\n\t\t","protected":false},"excerpt":{"rendered":"<p>Notre raison d&#8217;\u00eatre \u201cIl ne sert de rien \u00e0 l\u2019homme de gagner la Lune s\u2019il vient \u00e0 perdre la Terre.\u201d\u00a0\u00a0 Fran\u00e7ois MAURIAC D\u00e9carbonation Cette plateforme est le fruit de la coop\u00e9ration d\u2019entreprises engag\u00e9es dans la lutte contre le changement climatique\u00a0: elles partagent ici leur retour d\u2019exp\u00e9rience sur des actions de d\u00e9carbonation. Inspiration Ces bonnes pratiques [&hellip;]<\/p>\n","protected":false},"author":1,"featured_media":0,"parent":0,"menu_order":0,"comment_status":"closed","ping_status":"closed","template":"elementor_header_footer","meta":{"footnotes":""},"class_list":["post-244","page","type-page","status-publish","hentry"],"yoast_head":"<!-- This site is optimized with the Yoast SEO plugin v26.8 - https:\/\/yoast.com\/product\/yoast-seo-wordpress\/ -->\n<title>Notre raison d&#039;\u00eatre - Ferro-Vert<\/title>\n<meta name=\"robots\" content=\"index, follow, max-snippet:-1, max-image-preview:large, max-video-preview:-1\" \/>\n<link rel=\"canonical\" href=\"https:\/\/www.ferro-vert.fr\/index.php\/notre-raison-detre\/\" \/>\n<meta property=\"og:locale\" content=\"en_US\" \/>\n<meta property=\"og:type\" content=\"article\" \/>\n<meta property=\"og:title\" content=\"Notre raison d&#039;\u00eatre - Ferro-Vert\" \/>\n<meta property=\"og:description\" content=\"Notre raison d&#8217;\u00eatre \u201cIl ne sert de rien \u00e0 l\u2019homme de gagner la Lune s\u2019il vient \u00e0 perdre la Terre.\u201d\u00a0\u00a0 Fran\u00e7ois MAURIAC D\u00e9carbonation Cette plateforme est le fruit de la coop\u00e9ration d\u2019entreprises engag\u00e9es dans la lutte contre le changement climatique\u00a0: elles partagent ici leur retour d\u2019exp\u00e9rience sur des actions de d\u00e9carbonation. Inspiration Ces bonnes pratiques [&hellip;]\" \/>\n<meta property=\"og:url\" content=\"https:\/\/www.ferro-vert.fr\/index.php\/notre-raison-detre\/\" \/>\n<meta property=\"og:site_name\" content=\"Ferro-Vert\" \/>\n<meta property=\"article:modified_time\" content=\"2023-11-07T10:09:43+00:00\" \/>\n<meta property=\"og:image\" content=\"http:\/\/www.ferro-vert.fr\/wp-content\/uploads\/2023\/10\/JJmog_trains_francais_dans_un_joli_environnement_dans_plusieurs_d958d8db-9240-45a8-887d-0eca982a7d7e-1024x1024-1.jpg\" \/>\n<meta name=\"twitter:card\" content=\"summary_large_image\" \/>\n<meta name=\"twitter:label1\" content=\"Est. reading time\" \/>\n\t<meta name=\"twitter:data1\" content=\"1 minute\" \/>\n<script type=\"application\/ld+json\" class=\"yoast-schema-graph\">{\"@context\":\"https:\/\/schema.org\",\"@graph\":[{\"@type\":\"WebPage\",\"@id\":\"https:\/\/www.ferro-vert.fr\/index.php\/notre-raison-detre\/\",\"url\":\"https:\/\/www.ferro-vert.fr\/index.php\/notre-raison-detre\/\",\"name\":\"Notre raison d'\u00eatre - Ferro-Vert\",\"isPartOf\":{\"@id\":\"https:\/\/www.ferro-vert.fr\/#website\"},\"primaryImageOfPage\":{\"@id\":\"https:\/\/www.ferro-vert.fr\/index.php\/notre-raison-detre\/#primaryimage\"},\"image\":{\"@id\":\"https:\/\/www.ferro-vert.fr\/index.php\/notre-raison-detre\/#primaryimage\"},\"thumbnailUrl\":\"http:\/\/www.ferro-vert.fr\/wp-content\/uploads\/2023\/10\/JJmog_trains_francais_dans_un_joli_environnement_dans_plusieurs_d958d8db-9240-45a8-887d-0eca982a7d7e-1024x1024-1.jpg\",\"datePublished\":\"2023-11-03T19:05:00+00:00\",\"dateModified\":\"2023-11-07T10:09:43+00:00\",\"breadcrumb\":{\"@id\":\"https:\/\/www.ferro-vert.fr\/index.php\/notre-raison-detre\/#breadcrumb\"},\"inLanguage\":\"en-US\",\"potentialAction\":[{\"@type\":\"ReadAction\",\"target\":[\"https:\/\/www.ferro-vert.fr\/index.php\/notre-raison-detre\/\"]}]},{\"@type\":\"ImageObject\",\"inLanguage\":\"en-US\",\"@id\":\"https:\/\/www.ferro-vert.fr\/index.php\/notre-raison-detre\/#primaryimage\",\"url\":\"http:\/\/www.ferro-vert.fr\/wp-content\/uploads\/2023\/10\/JJmog_trains_francais_dans_un_joli_environnement_dans_plusieurs_d958d8db-9240-45a8-887d-0eca982a7d7e-1024x1024-1.jpg\",\"contentUrl\":\"http:\/\/www.ferro-vert.fr\/wp-content\/uploads\/2023\/10\/JJmog_trains_francais_dans_un_joli_environnement_dans_plusieurs_d958d8db-9240-45a8-887d-0eca982a7d7e-1024x1024-1.jpg\"},{\"@type\":\"BreadcrumbList\",\"@id\":\"https:\/\/www.ferro-vert.fr\/index.php\/notre-raison-detre\/#breadcrumb\",\"itemListElement\":[{\"@type\":\"ListItem\",\"position\":1,\"name\":\"Accueil\",\"item\":\"https:\/\/www.ferro-vert.fr\/\"},{\"@type\":\"ListItem\",\"position\":2,\"name\":\"Notre raison d&rsquo;\u00eatre\"}]},{\"@type\":\"WebSite\",\"@id\":\"https:\/\/www.ferro-vert.fr\/#website\",\"url\":\"https:\/\/www.ferro-vert.fr\/\",\"name\":\"Ferro-Vert\",\"description\":\"Plateforme de bonnes pratiques de l&#039;industrie ferroviaire\",\"publisher\":{\"@id\":\"https:\/\/www.ferro-vert.fr\/#organization\"},\"potentialAction\":[{\"@type\":\"SearchAction\",\"target\":{\"@type\":\"EntryPoint\",\"urlTemplate\":\"https:\/\/www.ferro-vert.fr\/?s={search_term_string}\"},\"query-input\":{\"@type\":\"PropertyValueSpecification\",\"valueRequired\":true,\"valueName\":\"search_term_string\"}}],\"inLanguage\":\"en-US\"},{\"@type\":\"Organization\",\"@id\":\"https:\/\/www.ferro-vert.fr\/#organization\",\"name\":\"Ferro-Vert\",\"url\":\"https:\/\/www.ferro-vert.fr\/\",\"logo\":{\"@type\":\"ImageObject\",\"inLanguage\":\"en-US\",\"@id\":\"https:\/\/www.ferro-vert.fr\/#\/schema\/logo\/image\/\",\"url\":\"https:\/\/www.ferro-vert.fr\/wp-content\/uploads\/2023\/10\/LOGO_FERRO-VERT.png\",\"contentUrl\":\"https:\/\/www.ferro-vert.fr\/wp-content\/uploads\/2023\/10\/LOGO_FERRO-VERT.png\",\"width\":383,\"height\":222,\"caption\":\"Ferro-Vert\"},\"image\":{\"@id\":\"https:\/\/www.ferro-vert.fr\/#\/schema\/logo\/image\/\"}}]}<\/script>\n<!-- \/ Yoast SEO plugin. -->","yoast_head_json":{"title":"Notre raison d'\u00eatre - Ferro-Vert","robots":{"index":"index","follow":"follow","max-snippet":"max-snippet:-1","max-image-preview":"max-image-preview:large","max-video-preview":"max-video-preview:-1"},"canonical":"https:\/\/www.ferro-vert.fr\/index.php\/notre-raison-detre\/","og_locale":"en_US","og_type":"article","og_title":"Notre raison d'\u00eatre - Ferro-Vert","og_description":"Notre raison d&#8217;\u00eatre \u201cIl ne sert de rien \u00e0 l\u2019homme de gagner la Lune s\u2019il vient \u00e0 perdre la Terre.\u201d\u00a0\u00a0 Fran\u00e7ois MAURIAC D\u00e9carbonation Cette plateforme est le fruit de la coop\u00e9ration d\u2019entreprises engag\u00e9es dans la lutte contre le changement climatique\u00a0: elles partagent ici leur retour d\u2019exp\u00e9rience sur des actions de d\u00e9carbonation. Inspiration Ces bonnes pratiques [&hellip;]","og_url":"https:\/\/www.ferro-vert.fr\/index.php\/notre-raison-detre\/","og_site_name":"Ferro-Vert","article_modified_time":"2023-11-07T10:09:43+00:00","og_image":[{"url":"http:\/\/www.ferro-vert.fr\/wp-content\/uploads\/2023\/10\/JJmog_trains_francais_dans_un_joli_environnement_dans_plusieurs_d958d8db-9240-45a8-887d-0eca982a7d7e-1024x1024-1.jpg","type":"","width":"","height":""}],"twitter_card":"summary_large_image","twitter_misc":{"Est. reading time":"1 minute"},"schema":{"@context":"https:\/\/schema.org","@graph":[{"@type":"WebPage","@id":"https:\/\/www.ferro-vert.fr\/index.php\/notre-raison-detre\/","url":"https:\/\/www.ferro-vert.fr\/index.php\/notre-raison-detre\/","name":"Notre raison d'\u00eatre - Ferro-Vert","isPartOf":{"@id":"https:\/\/www.ferro-vert.fr\/#website"},"primaryImageOfPage":{"@id":"https:\/\/www.ferro-vert.fr\/index.php\/notre-raison-detre\/#primaryimage"},"image":{"@id":"https:\/\/www.ferro-vert.fr\/index.php\/notre-raison-detre\/#primaryimage"},"thumbnailUrl":"http:\/\/www.ferro-vert.fr\/wp-content\/uploads\/2023\/10\/JJmog_trains_francais_dans_un_joli_environnement_dans_plusieurs_d958d8db-9240-45a8-887d-0eca982a7d7e-1024x1024-1.jpg","datePublished":"2023-11-03T19:05:00+00:00","dateModified":"2023-11-07T10:09:43+00:00","breadcrumb":{"@id":"https:\/\/www.ferro-vert.fr\/index.php\/notre-raison-detre\/#breadcrumb"},"inLanguage":"en-US","potentialAction":[{"@type":"ReadAction","target":["https:\/\/www.ferro-vert.fr\/index.php\/notre-raison-detre\/"]}]},{"@type":"ImageObject","inLanguage":"en-US","@id":"https:\/\/www.ferro-vert.fr\/index.php\/notre-raison-detre\/#primaryimage","url":"http:\/\/www.ferro-vert.fr\/wp-content\/uploads\/2023\/10\/JJmog_trains_francais_dans_un_joli_environnement_dans_plusieurs_d958d8db-9240-45a8-887d-0eca982a7d7e-1024x1024-1.jpg","contentUrl":"http:\/\/www.ferro-vert.fr\/wp-content\/uploads\/2023\/10\/JJmog_trains_francais_dans_un_joli_environnement_dans_plusieurs_d958d8db-9240-45a8-887d-0eca982a7d7e-1024x1024-1.jpg"},{"@type":"BreadcrumbList","@id":"https:\/\/www.ferro-vert.fr\/index.php\/notre-raison-detre\/#breadcrumb","itemListElement":[{"@type":"ListItem","position":1,"name":"Accueil","item":"https:\/\/www.ferro-vert.fr\/"},{"@type":"ListItem","position":2,"name":"Notre raison d&rsquo;\u00eatre"}]},{"@type":"WebSite","@id":"https:\/\/www.ferro-vert.fr\/#website","url":"https:\/\/www.ferro-vert.fr\/","name":"Ferro-Vert","description":"Plateforme de bonnes pratiques de l&#039;industrie ferroviaire","publisher":{"@id":"https:\/\/www.ferro-vert.fr\/#organization"},"potentialAction":[{"@type":"SearchAction","target":{"@type":"EntryPoint","urlTemplate":"https:\/\/www.ferro-vert.fr\/?s={search_term_string}"},"query-input":{"@type":"PropertyValueSpecification","valueRequired":true,"valueName":"search_term_string"}}],"inLanguage":"en-US"},{"@type":"Organization","@id":"https:\/\/www.ferro-vert.fr\/#organization","name":"Ferro-Vert","url":"https:\/\/www.ferro-vert.fr\/","logo":{"@type":"ImageObject","inLanguage":"en-US","@id":"https:\/\/www.ferro-vert.fr\/#\/schema\/logo\/image\/","url":"https:\/\/www.ferro-vert.fr\/wp-content\/uploads\/2023\/10\/LOGO_FERRO-VERT.png","contentUrl":"https:\/\/www.ferro-vert.fr\/wp-content\/uploads\/2023\/10\/LOGO_FERRO-VERT.png","width":383,"height":222,"caption":"Ferro-Vert"},"image":{"@id":"https:\/\/www.ferro-vert.fr\/#\/schema\/logo\/image\/"}}]}},"_links":{"self":[{"href":"https:\/\/www.ferro-vert.fr\/index.php\/wp-json\/wp\/v2\/pages\/244","targetHints":{"allow":["GET"]}}],"collection":[{"href":"https:\/\/www.ferro-vert.fr\/index.php\/wp-json\/wp\/v2\/pages"}],"about":[{"href":"https:\/\/www.ferro-vert.fr\/index.php\/wp-json\/wp\/v2\/types\/page"}],"author":[{"embeddable":true,"href":"https:\/\/www.ferro-vert.fr\/index.php\/wp-json\/wp\/v2\/users\/1"}],"replies":[{"embeddable":true,"href":"https:\/\/www.ferro-vert.fr\/index.php\/wp-json\/wp\/v2\/comments?post=244"}],"version-history":[{"count":0,"href":"https:\/\/www.ferro-vert.fr\/index.php\/wp-json\/wp\/v2\/pages\/244\/revisions"}],"wp:attachment":[{"href":"https:\/\/www.ferro-vert.fr\/index.php\/wp-json\/wp\/v2\/media?parent=244"}],"curies":[{"name":"wp","href":"https:\/\/api.w.org\/{rel}","templated":true}]}}